{"version":"1.0","provider_name":"Archiv Soziale Arbeit Mittelmark","provider_url":"https:\/\/soziale-arbeit-mittelmark.de\/archiv","author_name":"Admin","author_url":"https:\/\/soziale-arbeit-mittelmark.de\/archiv\/author\/admin\/","title":"Ministerin besucht Sozialwirtschaftsbetrieb - Archiv Soziale Arbeit Mittelmark","type":"rich","width":600,"height":338,"html":"<blockquote class=\"wp-embedded-content\" data-secret=\"VJH8ISeRc3\"><a href=\"https:\/\/soziale-arbeit-mittelmark.de\/archiv\/2018\/04\/05\/ministerin-besucht-sozialwirtschaftsbetrieb\/\">Ministerin besucht Sozialwirtschaftsbetrieb<\/a><\/blockquote><iframe sandbox=\"allow-scripts\" security=\"restricted\" src=\"https:\/\/soziale-arbeit-mittelmark.de\/archiv\/2018\/04\/05\/ministerin-besucht-sozialwirtschaftsbetrieb\/embed\/#?secret=VJH8ISeRc3\" width=\"600\" height=\"338\" title=\"&#8222;Ministerin besucht Sozialwirtschaftsbetrieb&#8220; &#8211; Archiv Soziale Arbeit Mittelmark\" data-secret=\"VJH8ISeRc3\" frameborder=\"0\" marginwidth=\"0\" marginheight=\"0\" scrolling=\"no\" class=\"wp-embedded-content\"><\/iframe><script type=\"text\/javascript\">\n\/*! This file is auto-generated *\/\n!function(c,d){\"use strict\";var e=!1,o=!1;if(d.querySelector)if(c.addEventListener)e=!0;if(c.wp=c.wp||{},c.wp.receiveEmbedMessage);else if(c.wp.receiveEmbedMessage=function(e){var t=e.data;if(!t);else if(!(t.secret||t.message||t.value));else if(\/[^a-zA-Z0-9]\/.test(t.secret));else{for(var r,s,a,i=d.querySelectorAll('iframe[data-secret=\"'+t.secret+'\"]'),n=d.querySelectorAll('blockquote[data-secret=\"'+t.secret+'\"]'),o=new RegExp(\"^https?:$\",\"i\"),l=0;l<n.length;l++)n[l].style.display=\"none\";for(l=0;l<i.length;l++)if(r=i[l],e.source!==r.contentWindow);else{if(r.removeAttribute(\"style\"),\"height\"===t.message){if(1e3<(s=parseInt(t.value,10)))s=1e3;else if(~~s<200)s=200;r.height=s}if(\"link\"===t.message)if(s=d.createElement(\"a\"),a=d.createElement(\"a\"),s.href=r.getAttribute(\"src\"),a.href=t.value,!o.test(a.protocol));else if(a.host===s.host)if(d.activeElement===r)c.top.location.href=t.value}}},e)c.addEventListener(\"message\",c.wp.receiveEmbedMessage,!1),d.addEventListener(\"DOMContentLoaded\",t,!1),c.addEventListener(\"load\",t,!1);function t(){if(o);else{o=!0;for(var e,t,r,s=-1!==navigator.appVersion.indexOf(\"MSIE 10\"),a=!!navigator.userAgent.match(\/Trident.*rv:11\\.\/),i=d.querySelectorAll(\"iframe.wp-embedded-content\"),n=0;n<i.length;n++){if(!(r=(t=i[n]).getAttribute(\"data-secret\")))r=Math.random().toString(36).substr(2,10),t.src+=\"#?secret=\"+r,t.setAttribute(\"data-secret\",r);if(s||a)(e=t.cloneNode(!0)).removeAttribute(\"security\"),t.parentNode.replaceChild(e,t);t.contentWindow.postMessage({message:\"ready\",secret:r},\"*\")}}}}(window,document);\n<\/script>\n","thumbnail_url":"https:\/\/soziale-arbeit-mittelmark.de\/archiv\/wp-content\/uploads\/2018\/04\/unbenannt-19-1.jpg","thumbnail_width":400,"thumbnail_height":289,"description":"Im Rahmen ihrer Arbeitsmarkt-Tour besuchte Arbeits- und Sozialministerin Diana Golze den Sozialwirtschaftsbetrieb in den Werkst\u00e4tten in Kuhlowitz. Vor Ort lie\u00df sich die Ministerin, zusammen mit ihrer Delegation, von dem erfolgreichen Projekt f\u00fcr Langzeitarbeitslose berichten.\u00a0 Die Vereinsvorsitzende Frau Vogel und Bad Belzigs B\u00fcrgermeister Herr Leisegang begr\u00fc\u00dften die G\u00e4ste und schilderten die Entwicklung der letzten Jahre. W\u00e4hrend [&hellip;]"}

Im Rahmen ihrer Arbeitsmarkt-Tour besuchte Arbeits- und Sozialministerin Diana Golze den Sozialwirtschaftsbetrieb in den Werkstätten in Kuhlowitz. Vor Ort ließ sich die Ministerin, zusammen mit ihrer Delegation, von dem erfolgreichen Projekt für Langzeitarbeitslose berichten.  Die Vereinsvorsitzende Frau Vogel und Bad Belzigs Bürgermeister Herr Leisegang begrüßten die Gäste und schilderten die Entwicklung der letzten Jahre. Während [&hellip;]
