{"version":"1.0","provider_name":"Archiv Soziale Arbeit Mittelmark","provider_url":"https:\/\/soziale-arbeit-mittelmark.de\/archiv","author_name":"Admin","author_url":"https:\/\/soziale-arbeit-mittelmark.de\/archiv\/author\/admin\/","title":"Mitarbeiterversammlung des AAfV-PM e.V. - Archiv Soziale Arbeit Mittelmark","type":"rich","width":600,"height":338,"html":"<blockquote class=\"wp-embedded-content\" data-secret=\"fEA5pva6XZ\"><a href=\"https:\/\/soziale-arbeit-mittelmark.de\/archiv\/2018\/12\/10\/mitarbeiterversammlung-2\/\">Mitarbeiterversammlung des AAfV-PM e.V.<\/a><\/blockquote><iframe sandbox=\"allow-scripts\" security=\"restricted\" src=\"https:\/\/soziale-arbeit-mittelmark.de\/archiv\/2018\/12\/10\/mitarbeiterversammlung-2\/embed\/#?secret=fEA5pva6XZ\" width=\"600\" height=\"338\" title=\"&#8222;Mitarbeiterversammlung des AAfV-PM e.V.&#8220; &#8211; Archiv Soziale Arbeit Mittelmark\" data-secret=\"fEA5pva6XZ\" frameborder=\"0\" marginwidth=\"0\" marginheight=\"0\" scrolling=\"no\" class=\"wp-embedded-content\"><\/iframe><script type=\"text\/javascript\">\n\/*! This file is auto-generated *\/\n!function(c,d){\"use strict\";var e=!1,o=!1;if(d.querySelector)if(c.addEventListener)e=!0;if(c.wp=c.wp||{},c.wp.receiveEmbedMessage);else if(c.wp.receiveEmbedMessage=function(e){var t=e.data;if(!t);else if(!(t.secret||t.message||t.value));else if(\/[^a-zA-Z0-9]\/.test(t.secret));else{for(var r,s,a,i=d.querySelectorAll('iframe[data-secret=\"'+t.secret+'\"]'),n=d.querySelectorAll('blockquote[data-secret=\"'+t.secret+'\"]'),o=new RegExp(\"^https?:$\",\"i\"),l=0;l<n.length;l++)n[l].style.display=\"none\";for(l=0;l<i.length;l++)if(r=i[l],e.source!==r.contentWindow);else{if(r.removeAttribute(\"style\"),\"height\"===t.message){if(1e3<(s=parseInt(t.value,10)))s=1e3;else if(~~s<200)s=200;r.height=s}if(\"link\"===t.message)if(s=d.createElement(\"a\"),a=d.createElement(\"a\"),s.href=r.getAttribute(\"src\"),a.href=t.value,!o.test(a.protocol));else if(a.host===s.host)if(d.activeElement===r)c.top.location.href=t.value}}},e)c.addEventListener(\"message\",c.wp.receiveEmbedMessage,!1),d.addEventListener(\"DOMContentLoaded\",t,!1),c.addEventListener(\"load\",t,!1);function t(){if(o);else{o=!0;for(var e,t,r,s=-1!==navigator.appVersion.indexOf(\"MSIE 10\"),a=!!navigator.userAgent.match(\/Trident.*rv:11\\.\/),i=d.querySelectorAll(\"iframe.wp-embedded-content\"),n=0;n<i.length;n++){if(!(r=(t=i[n]).getAttribute(\"data-secret\")))r=Math.random().toString(36).substr(2,10),t.src+=\"#?secret=\"+r,t.setAttribute(\"data-secret\",r);if(s||a)(e=t.cloneNode(!0)).removeAttribute(\"security\"),t.parentNode.replaceChild(e,t);t.contentWindow.postMessage({message:\"ready\",secret:r},\"*\")}}}}(window,document);\n<\/script>\n","thumbnail_url":"https:\/\/soziale-arbeit-mittelmark.de\/archiv\/wp-content\/uploads\/2018\/12\/Turmaussicht-1.jpg","thumbnail_width":630,"thumbnail_height":427,"description":"In diesem Jahr trafen sich alle Mitarbeiter*innen des AAfV-PM e.V. zur j\u00e4hrlichen Mitarbeiterversammlung im historischen Kreistagssaal in Bad Belzig. Am Vormittag berichtete der Gesch\u00e4ftsf\u00fchrer Herr Blatt \u00fcber die aktuellen Entwicklungen im Verein und skizzierte einen Ausblick auf das kommende Jahr. Mit gro\u00dfem Applaus wurden drei langj\u00e4hrige Mitarbeiter des AAfV verabschiedet: Herr Haendschke, der 20 Jahre [&hellip;]"}

In diesem Jahr trafen sich alle Mitarbeiter*innen des AAfV-PM e.V. zur jährlichen Mitarbeiterversammlung im historischen Kreistagssaal in Bad Belzig. Am Vormittag berichtete der Geschäftsführer Herr Blatt über die aktuellen Entwicklungen im Verein und skizzierte einen Ausblick auf das kommende Jahr. Mit großem Applaus wurden drei langjährige Mitarbeiter des AAfV verabschiedet: Herr Haendschke, der 20 Jahre [&hellip;]
